{"id":55,"date":"2017-08-04T19:56:11","date_gmt":"2017-08-05T00:56:11","guid":{"rendered":"https:\/\/ic-esimeculhuacan.net\/metodologia\/?page_id=55"},"modified":"2021-08-18T11:12:09","modified_gmt":"2021-08-18T16:12:09","slug":"metodo-de-ingenieria","status":"publish","type":"page","link":"https:\/\/ic-esimeculhuacan.mx\/metodologia\/contennidos-del-tercer-departamental\/metodo-de-ingenieria\/","title":{"rendered":"07. M\u00e9todo de Ingenier\u00eda"},"content":{"rendered":"<p><img loading=\"lazy\" decoding=\"async\" class=\"alignnone size-medium wp-image-42 aligncenter\" src=\"https:\/\/ic-esimeculhuacan.net\/metodologia\/wp-content\/uploads\/2017\/08\/ia03-300x174.jpg\" alt=\"\" width=\"300\" height=\"174\" srcset=\"https:\/\/ic-esimeculhuacan.mx\/metodologia\/wp-content\/uploads\/2017\/08\/ia03-300x174.jpg 300w, https:\/\/ic-esimeculhuacan.mx\/metodologia\/wp-content\/uploads\/2017\/08\/ia03.jpg 600w\" sizes=\"(max-width: 300px) 100vw, 300px\" \/><\/p>\n<h3 style=\"text-align: center;\"><strong>Propuesta de Soluci\u00f3n<\/strong><\/h3>\n<p>El m\u00e9todo de la ingenier\u00eda que vas a utilizar, depende de la l\u00ednea de concentraci\u00f3n de tu proyecto.<\/p>\n<p>En sexto semestre vas a crear un protocolo de investigaci\u00f3n, es decir, vas a planear como vas a seguir investigando en 7\u00ba y 8\u00ba<\/p>\n<p>Por lo que la propuesta de soluci\u00f3n debe contemplar en forma de diagramas de bloques<\/p>\n<p>&nbsp;<\/p>\n<p>Ejemplos:<\/p>\n<p><img loading=\"lazy\" decoding=\"async\" class=\"aligncenter wp-image-257 size-full\" src=\"https:\/\/ic-esimeculhuacan.net\/metodologia\/wp-content\/uploads\/2018\/08\/p1.png\" alt=\"\" width=\"600\" height=\"455\" srcset=\"https:\/\/ic-esimeculhuacan.mx\/metodologia\/wp-content\/uploads\/2018\/08\/p1.png 600w, https:\/\/ic-esimeculhuacan.mx\/metodologia\/wp-content\/uploads\/2018\/08\/p1-300x228.png 300w\" sizes=\"(max-width: 600px) 100vw, 600px\" \/><\/p>\n<p>&nbsp;<\/p>\n<p><img loading=\"lazy\" decoding=\"async\" class=\"aligncenter wp-image-258 size-full\" src=\"https:\/\/ic-esimeculhuacan.net\/metodologia\/wp-content\/uploads\/2018\/08\/p4.png\" alt=\"\" width=\"600\" height=\"347\" srcset=\"https:\/\/ic-esimeculhuacan.mx\/metodologia\/wp-content\/uploads\/2018\/08\/p4.png 600w, https:\/\/ic-esimeculhuacan.mx\/metodologia\/wp-content\/uploads\/2018\/08\/p4-300x174.png 300w\" sizes=\"(max-width: 600px) 100vw, 600px\" \/><\/p>\n<p>&nbsp;<\/p>\n<p><img loading=\"lazy\" decoding=\"async\" class=\"aligncenter wp-image-259 size-full\" src=\"https:\/\/ic-esimeculhuacan.net\/metodologia\/wp-content\/uploads\/2018\/08\/p3.png\" alt=\"\" width=\"600\" height=\"399\" srcset=\"https:\/\/ic-esimeculhuacan.mx\/metodologia\/wp-content\/uploads\/2018\/08\/p3.png 600w, https:\/\/ic-esimeculhuacan.mx\/metodologia\/wp-content\/uploads\/2018\/08\/p3-300x200.png 300w, https:\/\/ic-esimeculhuacan.mx\/metodologia\/wp-content\/uploads\/2018\/08\/p3-330x220.png 330w\" sizes=\"(max-width: 600px) 100vw, 600px\" \/><\/p>\n<p>&nbsp;<\/p>\n<p><img loading=\"lazy\" decoding=\"async\" class=\"aligncenter wp-image-260 size-full\" src=\"https:\/\/ic-esimeculhuacan.net\/metodologia\/wp-content\/uploads\/2018\/08\/p2.png\" alt=\"\" width=\"600\" height=\"416\" srcset=\"https:\/\/ic-esimeculhuacan.mx\/metodologia\/wp-content\/uploads\/2018\/08\/p2.png 600w, https:\/\/ic-esimeculhuacan.mx\/metodologia\/wp-content\/uploads\/2018\/08\/p2-300x208.png 300w\" sizes=\"(max-width: 600px) 100vw, 600px\" \/><\/p>\n<p>&nbsp;<\/p>\n<p>&nbsp;<\/p>\n<p><a href=\"https:\/\/ic-esimeculhuacan.net\/metodologia\/protocolo-de-investigacion\/\"><img loading=\"lazy\" decoding=\"async\" class=\"alignright size-full wp-image-336\" src=\"https:\/\/ic-esimeculhuacan.net\/metodologia\/wp-content\/uploads\/2020\/08\/irprotocolo.png\" alt=\"\" width=\"113\" height=\"81\" \/><\/a><\/p>\n","protected":false},"excerpt":{"rendered":"<p>Propuesta de Soluci\u00f3n El m\u00e9todo de la ingenier\u00eda que vas a utilizar, depende de la l\u00ednea de concentraci\u00f3n de tu proyecto. En sexto semestre vas a crear un protocolo de investigaci\u00f3n, es decir, vas a planear como vas a seguir investigando en 7\u00ba y 8\u00ba Por lo que la propuesta de soluci\u00f3n debe contemplar en&hellip;<\/p>\n<p class=\"more-link\"><a href=\"https:\/\/ic-esimeculhuacan.mx\/metodologia\/contennidos-del-tercer-departamental\/metodo-de-ingenieria\/\" class=\"themebutton2\">Read More<\/a><\/p>\n","protected":false},"author":1,"featured_media":0,"parent":396,"menu_order":0,"comment_status":"closed","ping_status":"closed","template":"","meta":{"footnotes":""},"class_list":["post-55","page","type-page","status-publish","hentry"],"_links":{"self":[{"href":"https:\/\/ic-esimeculhuacan.mx\/metodologia\/wp-json\/wp\/v2\/pages\/55"}],"collection":[{"href":"https:\/\/ic-esimeculhuacan.mx\/metodologia\/wp-json\/wp\/v2\/pages"}],"about":[{"href":"https:\/\/ic-esimeculhuacan.mx\/metodologia\/wp-json\/wp\/v2\/types\/page"}],"author":[{"embeddable":true,"href":"https:\/\/ic-esimeculhuacan.mx\/metodologia\/wp-json\/wp\/v2\/users\/1"}],"replies":[{"embeddable":true,"href":"https:\/\/ic-esimeculhuacan.mx\/metodologia\/wp-json\/wp\/v2\/comments?post=55"}],"version-history":[{"count":13,"href":"https:\/\/ic-esimeculhuacan.mx\/metodologia\/wp-json\/wp\/v2\/pages\/55\/revisions"}],"predecessor-version":[{"id":385,"href":"https:\/\/ic-esimeculhuacan.mx\/metodologia\/wp-json\/wp\/v2\/pages\/55\/revisions\/385"}],"up":[{"embeddable":true,"href":"https:\/\/ic-esimeculhuacan.mx\/metodologia\/wp-json\/wp\/v2\/pages\/396"}],"wp:attachment":[{"href":"https:\/\/ic-esimeculhuacan.mx\/metodologia\/wp-json\/wp\/v2\/media?parent=55"}],"curies":[{"name":"wp","href":"https:\/\/api.w.org\/{rel}","templated":true}]}}